{"id":4404,"date":"2024-01-11T19:29:02","date_gmt":"2024-01-11T18:29:02","guid":{"rendered":"http:\/\/www.cmes.cz\/web\/?page_id=4404"},"modified":"2025-02-22T13:46:06","modified_gmt":"2025-02-22T12:46:06","slug":"vladimir-ondruch","status":"publish","type":"page","link":"http:\/\/www.cmes.cz\/web\/vladimir-ondruch\/","title":{"rendered":"Vladim\u00edr Ondruch"},"content":{"rendered":"\t\t<div data-elementor-type=\"wp-page\" data-elementor-id=\"4404\" class=\"elementor elementor-4404\">\n\t\t\t\t\t\t\t\t\t<section class=\"elementor-section elementor-top-section elementor-element elementor-element-41a90d6 elementor-section-boxed elementor-section-height-default elementor-section-height-default\" data-id=\"41a90d6\" data-element_type=\"section\" data-settings=\"{&quot;_ha_eqh_enable&quot;:false}\">\n\t\t\t\t\t\t<div class=\"elementor-container elementor-column-gap-default\">\n\t\t\t\t\t<div class=\"elementor-column elementor-col-100 elementor-top-column elementor-element elementor-element-e7f09fb\" data-id=\"e7f09fb\" data-element_type=\"column\">\n\t\t\t<div class=\"elementor-widget-wrap elementor-element-populated\">\n\t\t\t\t\t\t\t\t<div class=\"elementor-element elementor-element-d903f0e elementor-widget elementor-widget-heading\" data-id=\"d903f0e\" data-element_type=\"widget\" data-widget_type=\"heading.default\">\n\t\t\t\t<div class=\"elementor-widget-container\">\n\t\t\t<style>\/*! elementor - v3.17.0 - 08-11-2023 *\/\n.elementor-heading-title{padding:0;margin:0;line-height:1}.elementor-widget-heading .elementor-heading-title[class*=elementor-size-]>a{color:inherit;font-size:inherit;line-height:inherit}.elementor-widget-heading .elementor-heading-title.elementor-size-small{font-size:15px}.elementor-widget-heading .elementor-heading-title.elementor-size-medium{font-size:19px}.elementor-widget-heading .elementor-heading-title.elementor-size-large{font-size:29px}.elementor-widget-heading .elementor-heading-title.elementor-size-xl{font-size:39px}.elementor-widget-heading .elementor-heading-title.elementor-size-xxl{font-size:59px}<\/style><h1 class=\"elementor-heading-title elementor-size-xl\">Vladim\u00edr Ondruch<\/h1>\t\t<\/div>\n\t\t\t\t<\/div>\n\t\t\t\t\t<\/div>\n\t\t<\/div>\n\t\t\t\t\t\t\t<\/div>\n\t\t<\/section>\n\t\t\t\t<section class=\"elementor-section elementor-top-section elementor-element elementor-element-7c97766 elementor-section-boxed elementor-section-height-default elementor-section-height-default\" data-id=\"7c97766\" data-element_type=\"section\" data-settings=\"{&quot;_ha_eqh_enable&quot;:false}\">\n\t\t\t\t\t\t<div class=\"elementor-container elementor-column-gap-default\">\n\t\t\t\t\t<div class=\"elementor-column elementor-col-100 elementor-top-column elementor-element elementor-element-388da38\" data-id=\"388da38\" data-element_type=\"column\">\n\t\t\t<div class=\"elementor-widget-wrap elementor-element-populated\">\n\t\t\t\t\t\t\t\t<div class=\"elementor-element elementor-element-f51601b elementor-widget elementor-widget-text-editor\" data-id=\"f51601b\" data-element_type=\"widget\" data-widget_type=\"text-editor.default\">\n\t\t\t\t<div class=\"elementor-widget-container\">\n\t\t\t<style>\/*! elementor - v3.17.0 - 08-11-2023 *\/\n.elementor-widget-text-editor.elementor-drop-cap-view-stacked .elementor-drop-cap{background-color:#69727d;color:#fff}.elementor-widget-text-editor.elementor-drop-cap-view-framed .elementor-drop-cap{color:#69727d;border:3px solid;background-color:transparent}.elementor-widget-text-editor:not(.elementor-drop-cap-view-default) .elementor-drop-cap{margin-top:8px}.elementor-widget-text-editor:not(.elementor-drop-cap-view-default) .elementor-drop-cap-letter{width:1em;height:1em}.elementor-widget-text-editor .elementor-drop-cap{float:left;text-align:center;line-height:1;font-size:50px}.elementor-widget-text-editor .elementor-drop-cap-letter{display:inline-block}<\/style>\t\t\t\t<h2 style=\"text-align: center;\"><strong>1965\u20132016<\/strong><\/h2>\t\t\t\t\t\t<\/div>\n\t\t\t\t<\/div>\n\t\t\t\t\t<\/div>\n\t\t<\/div>\n\t\t\t\t\t\t\t<\/div>\n\t\t<\/section>\n\t\t\t\t<section class=\"elementor-section elementor-top-section elementor-element elementor-element-bf3ff4e elementor-section-boxed elementor-section-height-default elementor-section-height-default\" data-id=\"bf3ff4e\" data-element_type=\"section\" data-settings=\"{&quot;_ha_eqh_enable&quot;:false}\">\n\t\t\t\t\t\t<div class=\"elementor-container elementor-column-gap-default\">\n\t\t\t\t\t<div class=\"elementor-column elementor-col-50 elementor-top-column elementor-element elementor-element-98aac9a\" data-id=\"98aac9a\" data-element_type=\"column\">\n\t\t\t<div class=\"elementor-widget-wrap elementor-element-populated\">\n\t\t\t\t\t\t\t\t<div class=\"elementor-element elementor-element-e81dfb6 elementor-widget elementor-widget-image\" data-id=\"e81dfb6\" data-element_type=\"widget\" data-widget_type=\"image.default\">\n\t\t\t\t<div class=\"elementor-widget-container\">\n\t\t\t<style>\/*! elementor - v3.17.0 - 08-11-2023 *\/\n.elementor-widget-image{text-align:center}.elementor-widget-image a{display:inline-block}.elementor-widget-image a img[src$=\".svg\"]{width:48px}.elementor-widget-image img{vertical-align:middle;display:inline-block}<\/style>\t\t\t\t\t\t\t\t\t\t\t\t\t<a href=\"http:\/\/www.cmes.cz\/web\/wp-content\/uploads\/2024\/01\/obr_1_IMG_4029-scaled.jpg\" data-elementor-open-lightbox=\"yes\" data-elementor-lightbox-title=\"obr_1_IMG_4029\" data-e-action-hash=\"#elementor-action%3Aaction%3Dlightbox%26settings%3DeyJpZCI6NDQwNiwidXJsIjoiaHR0cDpcL1wvd3d3LmNtZXMuY3pcL3dlYlwvd3AtY29udGVudFwvdXBsb2Fkc1wvMjAyNFwvMDFcL29icl8xX0lNR180MDI5LXNjYWxlZC5qcGcifQ%3D%3D\">\n\t\t\t\t\t\t\t<img loading=\"lazy\" decoding=\"async\" width=\"1024\" height=\"768\" src=\"http:\/\/www.cmes.cz\/web\/wp-content\/uploads\/2024\/01\/obr_1_IMG_4029-1024x768.jpg\" class=\"attachment-large size-large wp-image-4406\" alt=\"\" srcset=\"http:\/\/www.cmes.cz\/web\/wp-content\/uploads\/2024\/01\/obr_1_IMG_4029-1024x768.jpg 1024w, http:\/\/www.cmes.cz\/web\/wp-content\/uploads\/2024\/01\/obr_1_IMG_4029-300x225.jpg 300w, http:\/\/www.cmes.cz\/web\/wp-content\/uploads\/2024\/01\/obr_1_IMG_4029-768x576.jpg 768w, http:\/\/www.cmes.cz\/web\/wp-content\/uploads\/2024\/01\/obr_1_IMG_4029-1536x1152.jpg 1536w, http:\/\/www.cmes.cz\/web\/wp-content\/uploads\/2024\/01\/obr_1_IMG_4029-2048x1536.jpg 2048w\" sizes=\"auto, (max-width: 1024px) 100vw, 1024px\" \/>\t\t\t\t\t\t\t\t<\/a>\n\t\t\t\t\t\t\t\t\t\t\t\t\t\t\t<\/div>\n\t\t\t\t<\/div>\n\t\t\t\t\t<\/div>\n\t\t<\/div>\n\t\t\t\t<div class=\"elementor-column elementor-col-50 elementor-top-column elementor-element elementor-element-5a6a8a6\" data-id=\"5a6a8a6\" data-element_type=\"column\">\n\t\t\t<div class=\"elementor-widget-wrap elementor-element-populated\">\n\t\t\t\t\t\t\t\t<div class=\"elementor-element elementor-element-ef7c764 elementor-widget elementor-widget-text-editor\" data-id=\"ef7c764\" data-element_type=\"widget\" data-widget_type=\"text-editor.default\">\n\t\t\t\t<div class=\"elementor-widget-container\">\n\t\t\t\t\t\t\t<p style=\"text-align: left;\"><span style=\"color: #003366;\">Ka\u017edoro\u010dn\u011b v\u00a0z\u00e1\u0159\u00ed se kon\u00e1 V\u00fdro\u010dn\u00ed semin\u00e1\u0159 \u010cesk\u00e9 meteorologick\u00e9 spole\u010dnosti. V\u00a0lo\u0148sk\u00e9m roce to bylo v\u00a0term\u00ednu 21. a\u017e 23. z\u00e1\u0159\u00ed 2016 v\u00a0Ostro\u017esk\u00e9 Nov\u00e9 Vsi. Jako ka\u017ed\u00fd rok jsme se spole\u010dn\u011b chystali na tento obl\u00edben\u00fd semin\u00e1\u0159, kde se pravideln\u011b potk\u00e1vaj\u00ed meteorologov\u00e9 nap\u0159\u00ed\u010d institucemi, diskutuj\u00ed se zaj\u00edmav\u00e1 t\u00e9mata a potk\u00e1vaj\u00ed se zaj\u00edmav\u00ed lid\u00e9. Sou\u010d\u00e1st\u00ed semin\u00e1\u0159e je rovn\u011b\u017e v\u017edy zaj\u00edmav\u00fd kulturn\u00ed a doprovodn\u00fd program a neform\u00e1ln\u00ed diskuse o v\u0161em mo\u017en\u00e9m z\u00a0meteorologie i ze \u017eivota. Jako tradi\u010dn\u011b byl na semin\u00e1\u0159 p\u0159ihl\u00e1\u0161en i Vl\u00e1\u010fa Ondruch. Z\u00a0d\u016fvodu n\u00e1hl\u00e9 zdravotn\u00ed indispozice v\u0161ak Vl\u00e1\u010fa na semin\u00e1\u0159 nakonec neodjel, z\u016fstal doma a l\u00e9\u010dil se. Na\u00a0za\u010d\u00e1tku semin\u00e1\u0159e jsme s\u00a0n\u00edm je\u0161t\u011b telefonicky hovo\u0159ili a \u0159e\u0161ili n\u011bjak\u00e9 pracovn\u00ed z\u00e1le\u017eitosti.<\/span><\/p>\t\t\t\t\t\t<\/div>\n\t\t\t\t<\/div>\n\t\t\t\t\t<\/div>\n\t\t<\/div>\n\t\t\t\t\t\t\t<\/div>\n\t\t<\/section>\n\t\t\t\t<section class=\"elementor-section elementor-top-section elementor-element elementor-element-a605468 elementor-section-boxed elementor-section-height-default elementor-section-height-default\" data-id=\"a605468\" data-element_type=\"section\" data-settings=\"{&quot;_ha_eqh_enable&quot;:false}\">\n\t\t\t\t\t\t<div class=\"elementor-container elementor-column-gap-default\">\n\t\t\t\t\t<div class=\"elementor-column elementor-col-100 elementor-top-column elementor-element elementor-element-455b2dc\" data-id=\"455b2dc\" data-element_type=\"column\">\n\t\t\t<div class=\"elementor-widget-wrap elementor-element-populated\">\n\t\t\t\t\t\t\t\t<div class=\"elementor-element elementor-element-7f1df74 elementor-widget elementor-widget-text-editor\" data-id=\"7f1df74\" data-element_type=\"widget\" data-widget_type=\"text-editor.default\">\n\t\t\t\t<div class=\"elementor-widget-container\">\n\t\t\t\t\t\t\t<p><span style=\"color: #003366;\">O to ne\u010dekan\u011b n\u00e1s na semin\u00e1\u0159i (ostatn\u00ed, kte\u0159\u00ed ho znali tak jinde a jindy), ve \u010dtvrtek 22. z\u00e1\u0159\u00ed 2016, kr\u00e1tce po ob\u011bd\u011b, zastihla tragick\u00e1 zpr\u00e1va o jeho n\u00e1hl\u00e9m a ne\u010dekan\u00e9m \u00famrt\u00ed.<\/span><\/p><p><span style=\"color: #003366;\">V\u0161echny p\u0159\u00edtomn\u00e9 z\u00a0jeho okruhu bl\u00edzk\u00fdch p\u0159\u00e1tel zas\u00e1hl velk\u00fd smutek, v\u011bt\u0161ina z\u00a0n\u00e1s tomu necht\u011bla v\u011b\u0159it, nedok\u00e1zali jsme s\u00a0touto informac\u00ed sm\u00ed\u0159it a akceptovat ji.<\/span><\/p><p><span style=\"color: #003366;\">Vladim\u00edr Ondruch se do\u017eil pouh\u00fdch pades\u00e1ti let. Narodil se 20. prosince 1965 ve Vala\u0161sk\u00e9m Mezi\u0159\u00ed\u010d\u00ed. M\u011bl sv\u00e9 m\u00edsto v rodin\u011b Vladim\u00edra (\u2020 2007) a Ludmily Ondruchov\u00fdch na Horn\u00ed Be\u010dv\u011b, kde \u017eil a vyr\u016fstal se sv\u00fdm bratrem Stanislavem (\u20f0 1958). S\u00a0man\u017eelkou Ivetou pro\u017eili spole\u010dn\u011b 25 let \u017eivota.<\/span><\/p><p><span style=\"color: #003366;\">Vyu\u010dil se v\u00a0Tesle Ro\u017enov jako elektrik\u00e1\u0159. Po vojn\u011b si dod\u011blal maturitu na St\u0159edn\u00ed pr\u016fmyslov\u00e9 \u0161kole vakuov\u00e9 elektrotechniky, tzv. vakuovce v\u00a0Ro\u017enov\u011b pod Radho\u0161t\u011bm. Po maturit\u011b pracoval jako projektant v\u00a0ro\u017enovsk\u00e9 Tesle. V\u00a0roce 1994 nastoupil jako pozorovatel na meteorologick\u00e9 stanici Lys\u00e1 hora a od po\u010d\u00e1tku roku 2014 byl jej\u00edm vedouc\u00edm. Ve stejn\u00e9m roce dokon\u010dil vysokou \u0161kolu (ekonomika cestovn\u00edm ruchu s titulem PhDr.)<\/span><\/p><p><span style=\"color: #003366;\">Je velmi t\u011b\u017ek\u00e9 popsat \u010di vyj\u00e1d\u0159it smutek a beznad\u011bj z\u00a0odchodu takov\u00e9ho \u010dlov\u011bka jak\u00fdm byl Vl\u00e1\u010fa Ondruch. M\u011bl svou rodinu, mnoho koleg\u016f, zn\u00e1m\u00fdch \u010di kamar\u00e1d\u016f. Ti co ho znali, si vzpom\u00ednku na Vl\u00e1\u010fu nesou ve sv\u00e9m srdci a ka\u017ed\u00fd na n\u011bj vzpom\u00edn\u00e1 trochu jinak.<\/span><\/p><p><span style=\"color: #003366;\">T\u011bm, kte\u0159\u00ed o Vl\u00e1\u010fovi t\u0159eba jen sly\u0161eli a nem\u011bli mo\u017enost se s\u00a0n\u00edm potkat nebo se bl\u00ed\u017ee sezn\u00e1mit, chceme sd\u011blit, \u017ee to byl skv\u011bl\u00fd \u010dlov\u011bk a kamar\u00e1d.<\/span><\/p><p><span style=\"color: #003366;\">M\u011bl velk\u00fd okruh z\u00e1jm\u016f. Byl velk\u00fd sportovec. R\u00e1d ly\u017eoval, nej\u010dast\u011bji v\u00a0Beskydech, v\u00a0Tatr\u00e1ch \u010di jinde. \u010casto vyr\u00e1\u017eel tak\u00e9 na b\u011b\u017ek\u00e1ch, po zbytek roku pak na kole. Turistika mu byla velk\u00fdm kon\u00ed\u010dkem. Byl velmi aktivn\u00edm zna\u010dka\u0159em Klubu \u010desk\u00fdch turist\u016f (od roku 2001). P\u0159ipravoval a zna\u010dil nov\u00e9 turistick\u00e9 trasy v\u00a0Beskydech, opravoval st\u00e1vaj\u00edc\u00ed zna\u010den\u00ed a aktivn\u011b se pod\u00edlel na tvorb\u011b a aktualizaci turistick\u00fdch map. Byl aktivn\u00ed \u010dlenem \u010cesk\u00e9 obce sokolsk\u00e9. R\u00e1d cestoval, s\u00a0man\u017eelkou a kamar\u00e1dy projeli Pobalt\u00ed, Polsko, Ukrajinu. N\u011bkolikr\u00e1t nav\u0161t\u00edvil kamar\u00e1dy v\u00a0Manchesteru. Byl tradi\u010dn\u00edm \u00fa\u010dastn\u00edkem z\u00e1vodu na b\u011b\u017ek\u00e1ch Vodohospod\u00e1\u0159sk\u00e1 t\u0159ic\u00edtka v\u00a0Jesen\u00edk\u00e1ch, letn\u00edch Vodohospod\u00e1\u0159sk\u00fdch sportovn\u00edch her a Sportovn\u00edch her \u010cHM\u00da a SHM\u00da.<\/span><\/p><p><span style=\"color: #003366;\">Na Horn\u00ed Be\u010dv\u011b byl aktivn\u00ed hasi\u010d, d\u0159\u00edve tak\u00e9 \u010dlen zastupitelstva obce a v\u00a0posledn\u00edch letech byl webmaster internetov\u00fdch str\u00e1nek obce Horn\u00ed Be\u010dva. Denn\u011b byl v\u00a0kontaktu se starostou a aktivn\u011b se pod\u00edlel na d\u011bn\u00ed v\u00a0obci.<\/span><\/p><p><span style=\"color: #003366;\">Asi nejv\u00edce jsou zn\u00e1my jeho aktivity na Lys\u00e9 ho\u0159e. Ne jen na meteorologick\u00e9 stanici, ale na cel\u00e9m kopci. V\u017edy pom\u00e1hal, organizoval \u010di vedl \u0159adu \u010dinnost\u00ed na vrcholu. Byl spolutv\u016frcem webov\u00fdch str\u00e1nek Lys\u00e9 hory (<a style=\"color: #003366;\" href=\"http:\/\/www.lysahora.cz\">www.lysahora.cz<\/a>) a nejaktivn\u011bj\u0161\u00edm p\u0159isp\u011bvatelem. Aktivn\u011b se pod\u00edlel na d\u011bn\u00ed na vrcholu, p\u0159ipom\u00ednkoval v\u00fdstavbu a pl\u00e1ny chat. Inicioval a pod\u00edlel se na my\u0161lence um\u00edst\u011bn\u00ed k\u0159\u00ed\u017ee, v\u011bnovan\u00e9mu ob\u011btem Lys\u00e9 hory (2006).<\/span><\/p><p><span style=\"color: #003366;\">Na meteorologick\u00e9 stanici byl pozorovatelem od roku 1994, kdy nav\u00e1zal na rodinnou tradici sv\u00e9ho otce, kter\u00fd byl pozorovatelem profesion\u00e1ln\u00ed stanice v letech 1958\u20131991. V rodinn\u00e9 pozorovatelsk\u00e9 tradici pokra\u010duje Vl\u00e1\u010f\u016fv bratr Standa, kter\u00fd je na stanici od roku 1998.<\/span><\/p><p><span style=\"color: #003366;\">V\u00a0roce 2001 tak\u00e9 inicioval um\u00edst\u011bn\u00ed klimatologick\u00e9 stanice na zahrad\u011b sv\u00e9ho domu na Horn\u00ed Be\u010dv\u011b, kde nejprve pozoroval jeho otec a od roku 2007 pak spolu s\u00a0man\u017eelkou Ivetou prov\u00e1d\u011bli meteorologick\u00e1 pozorov\u00e1n\u00ed, ve kter\u00fdch d\u00e1le pokra\u010duje man\u017eelka Iveta.<\/span><\/p><p><span style=\"color: #003366;\">Po dosa\u017een\u00ed d\u016fchodov\u00e9ho v\u011bku Jaroslava Chalupy se Vl\u00e1\u010fa od 1. ledna 2014 stal vedouc\u00edm stanice. Za\u010dal p\u0159ipravovat rekonstrukci kotelny, v\u00fdm\u011bny elektroinstalace na stanici a budov\u00e1n\u00ed meteorologick\u00e9 expozice (mal\u00e9ho muzea), ale bohu\u017eel tyto z\u00e1m\u011bry u\u017e nesta\u010dil dokon\u010dit. Aktivn\u011b se pod\u00edlel na psan\u00ed kroniky stanice, kde se zaznamen\u00e1vaj\u00ed v\u00fdznamn\u00e9 ud\u00e1losti stanice a vrcholu Lys\u00e9 hory a kronika je tak po cel\u00e1 l\u00e9ta v\u00fdznamn\u00fdm zdrojem informac\u00ed o Lys\u00e9 ho\u0159e. V\u00fdznamn\u011b se tak\u00e9 pod\u00edlel p\u0159\u00edprav\u011b publikac\u00ed k\u00a050. v\u00fdro\u010d\u00ed profesion\u00e1ln\u00ed meteorologick\u00e9 stanice na Lys\u00e9 ho\u0159e v\u00a0roce 2004 a tak\u00e9 o deset let pozd\u011bji k\u00a0v\u00fdro\u010d\u00ed 60 let pozorov\u00e1n\u00ed. S\u00a0nad\u0161en\u00edm sob\u011b vlastn\u00edm se tak\u00e9 pod\u00edlel p\u0159i tvorb\u011b r\u016fzn\u00fdch dokument\u016f, film\u016f a \u010dl\u00e1nk\u016f o Lys\u00e9 ho\u0159e a okol\u00ed.<\/span><\/p><p><span style=\"color: #003366;\">Ur\u010dit\u011b nen\u00ed mo\u017en\u00e9 vyjmenovat v\u0161echny podstatn\u00e9 aktivity Vl\u00e1di Ondrucha. Nebyl ani zakl\u00e1daj\u00edc\u00edm, ani nejdel\u0161\u00edm pozorovatelem na stanici, jej\u00edm vedouc\u00edm byl jen kr\u00e1tce. P\u0159esto se zcela nesmazateln\u011b zapsal do d\u011bn\u00ed stanice, zejm\u00e9na v\u00a0posledn\u00edch letech, kdy p\u0159evzal a pokra\u010doval v nastaven\u00e9 \u201evysok\u00e9 la\u0165ce\u201c kvality pozorov\u00e1n\u00ed stanice a jejich aktivit.<\/span><\/p><p><span style=\"color: #003366;\">I p\u0159es vysok\u00e9 pracovn\u00ed nasazen\u00ed, r\u016fzn\u00e9 aktivity a \u010dinnosti se Vl\u00e1\u010fa v\u011bt\u0161in\u011b z\u00a0n\u00e1s zcela nesmazateln\u011b vryl do pam\u011bti jako skv\u011bl\u00fd kolega a zejm\u00e9na kamar\u00e1d. Nezn\u00e1m nikoho komu by odm\u00edtl pomoc. Byl v\u017edy mezi prvn\u00edmi v\u00a0mont\u00e9rk\u00e1ch, jak na Lys\u00e9 ho\u0159e, tak na Horn\u00ed Be\u010dv\u011b, p\u0159i pomoci ostatn\u00edm. Byl spolehliv\u00fd, \u010destn\u00fd, skromn\u00fd a f\u00e9rov\u00fd \u010dlov\u011bk.<\/span><\/p><p><span style=\"color: #003366;\">O tom, jak\u00fdm byl \u010dlov\u011bkem, sv\u011bd\u010d\u00ed i pro v\u011bt\u0161inu z\u00a0n\u00e1s, naprosto nep\u0159ekonateln\u00e1 \u00fa\u010dast v\u0161ech rodinn\u00fdch p\u0159\u00edslu\u0161n\u00edk\u016f, zn\u00e1m\u00fdch, koleg\u016f a kamar\u00e1d\u016f p\u0159i posledn\u00edm rozlou\u010den\u00ed v\u00a0chr\u00e1mu P\u00e1n\u011b svat\u00e9ho Jana a Pavla na Horn\u00ed Be\u010dv\u011b dne 28. z\u00e1\u0159\u00ed 2016.<\/span><\/p><p><span style=\"color: #003366;\">Asi nejv\u00edce Vl\u00e1\u010fu charakterizuje v\u00fdrok jeho bratra Standy n\u011bkdy na podzim minul\u00e9ho roku, p\u0159i \u010detn\u00fdch diskuz\u00edch \u0159ekl, \u017ee m\u00e1 1000 kamar\u00e1d\u016f, ale Vl\u00e1\u010fa byl nejlep\u0161\u00ed\u2026<\/span><\/p><p><span style=\"color: #003366;\">A\u010d je Vl\u00e1\u010f\u016fv odchod jakkoliv krut\u00fd, bolestiv\u00fd a nenad\u00e1l\u00fd, nelze jinak, ne\u017e na sam\u00fd z\u00e1v\u011br vzpomenout jeho usm\u011bvavou tv\u00e1\u0159 a snad st\u00e1le dobrou n\u00e1ladu.<\/span><\/p><p><span style=\"color: #003366;\">Tak jsme ho znali a tak z\u016fstane v\u00a0na\u0161ich vzpom\u00ednk\u00e1ch.<\/span><\/p><p><em><span style=\"color: #003366;\">Jaroslav Chalupa, Milan \u010cerm\u00e1k, Pavel Lipina, Iveta Ondruchov\u00e1, Sborn\u00edk p\u0159\u00edsp\u011bvk\u016f z I. horsk\u00e9 meteorologick\u00e9 konference konan\u00e9 na Lys\u00e9 ho\u0159e ve dnech 14. \u2013 15. \u010dervna 2017<\/span><br \/><\/em><\/p>\t\t\t\t\t\t<\/div>\n\t\t\t\t<\/div>\n\t\t\t\t\t<\/div>\n\t\t<\/div>\n\t\t\t\t\t\t\t<\/div>\n\t\t<\/section>\n\t\t\t\t<section class=\"elementor-section elementor-top-section elementor-element elementor-element-2a3e2b0 elementor-section-boxed elementor-section-height-default elementor-section-height-default\" data-id=\"2a3e2b0\" data-element_type=\"section\" data-settings=\"{&quot;_ha_eqh_enable&quot;:false}\">\n\t\t\t\t\t\t<div class=\"elementor-container elementor-column-gap-default\">\n\t\t\t\t\t<div class=\"elementor-column elementor-col-50 elementor-top-column elementor-element elementor-element-1765fd0\" data-id=\"1765fd0\" data-element_type=\"column\">\n\t\t\t<div class=\"elementor-widget-wrap elementor-element-populated\">\n\t\t\t\t\t\t\t\t<div class=\"elementor-element elementor-element-3f5cc5d elementor-widget elementor-widget-image\" data-id=\"3f5cc5d\" data-element_type=\"widget\" data-widget_type=\"image.default\">\n\t\t\t\t<div class=\"elementor-widget-container\">\n\t\t\t\t\t\t\t\t\t\t\t\t<figure class=\"wp-caption\">\n\t\t\t\t\t\t\t\t\t\t\t<a href=\"http:\/\/www.cmes.cz\/web\/wp-content\/uploads\/2024\/01\/obr_2_S7302274-scaled.jpg\" data-elementor-open-lightbox=\"yes\" data-elementor-lightbox-title=\"obr_2_S7302274\" data-e-action-hash=\"#elementor-action%3Aaction%3Dlightbox%26settings%3DeyJpZCI6NDQwNywidXJsIjoiaHR0cDpcL1wvd3d3LmNtZXMuY3pcL3dlYlwvd3AtY29udGVudFwvdXBsb2Fkc1wvMjAyNFwvMDFcL29icl8yX1M3MzAyMjc0LXNjYWxlZC5qcGcifQ%3D%3D\">\n\t\t\t\t\t\t\t<img loading=\"lazy\" decoding=\"async\" width=\"1024\" height=\"768\" src=\"http:\/\/www.cmes.cz\/web\/wp-content\/uploads\/2024\/01\/obr_2_S7302274-1024x768.jpg\" class=\"attachment-large size-large wp-image-4407\" alt=\"\" srcset=\"http:\/\/www.cmes.cz\/web\/wp-content\/uploads\/2024\/01\/obr_2_S7302274-1024x768.jpg 1024w, http:\/\/www.cmes.cz\/web\/wp-content\/uploads\/2024\/01\/obr_2_S7302274-300x225.jpg 300w, http:\/\/www.cmes.cz\/web\/wp-content\/uploads\/2024\/01\/obr_2_S7302274-768x576.jpg 768w, http:\/\/www.cmes.cz\/web\/wp-content\/uploads\/2024\/01\/obr_2_S7302274-1536x1152.jpg 1536w, http:\/\/www.cmes.cz\/web\/wp-content\/uploads\/2024\/01\/obr_2_S7302274-2048x1536.jpg 2048w\" sizes=\"auto, (max-width: 1024px) 100vw, 1024px\" \/>\t\t\t\t\t\t\t\t<\/a>\n\t\t\t\t\t\t\t\t\t\t\t<figcaption class=\"widget-image-caption wp-caption-text\">Vladim\u00edr Ondruch (20. prosince 1965 \u2013 22. z\u00e1\u0159\u00ed 2016). Foto Stanislav Ondruch.<\/figcaption>\n\t\t\t\t\t\t\t\t\t\t<\/figure>\n\t\t\t\t\t\t\t\t\t<\/div>\n\t\t\t\t<\/div>\n\t\t\t\t\t<\/div>\n\t\t<\/div>\n\t\t\t\t<div class=\"elementor-column elementor-col-50 elementor-top-column elementor-element elementor-element-e807031\" data-id=\"e807031\" data-element_type=\"column\">\n\t\t\t<div class=\"elementor-widget-wrap\">\n\t\t\t\t\t\t\t\t\t<\/div>\n\t\t<\/div>\n\t\t\t\t\t\t\t<\/div>\n\t\t<\/section>\n\t\t\t\t\t\t\t<\/div>\n\t\t","protected":false},"excerpt":{"rendered":"<p>Vladim\u00edr Ondruch 1965\u20132016 Ka\u017edoro\u010dn\u011b v\u00a0z\u00e1\u0159\u00ed se kon\u00e1 V\u00fdro\u010dn\u00ed semin\u00e1\u0159 \u010cesk\u00e9 meteorologick\u00e9 spole\u010dnosti. V\u00a0lo\u0148sk\u00e9m roce to bylo v\u00a0term\u00ednu 21. a\u017e 23. z\u00e1\u0159\u00ed 2016 v\u00a0Ostro\u017esk\u00e9 Nov\u00e9 Vsi. Jako ka\u017ed\u00fd rok jsme se [&hellip;]<\/p>\n","protected":false},"author":3,"featured_media":0,"parent":0,"menu_order":0,"comment_status":"closed","ping_status":"closed","template":"","meta":{"footnotes":""},"class_list":["post-4404","page","type-page","status-publish","hentry","entry"],"_links":{"self":[{"href":"http:\/\/www.cmes.cz\/web\/wp-json\/wp\/v2\/pages\/4404","targetHints":{"allow":["GET"]}}],"collection":[{"href":"http:\/\/www.cmes.cz\/web\/wp-json\/wp\/v2\/pages"}],"about":[{"href":"http:\/\/www.cmes.cz\/web\/wp-json\/wp\/v2\/types\/page"}],"author":[{"embeddable":true,"href":"http:\/\/www.cmes.cz\/web\/wp-json\/wp\/v2\/users\/3"}],"replies":[{"embeddable":true,"href":"http:\/\/www.cmes.cz\/web\/wp-json\/wp\/v2\/comments?post=4404"}],"version-history":[{"count":3,"href":"http:\/\/www.cmes.cz\/web\/wp-json\/wp\/v2\/pages\/4404\/revisions"}],"predecessor-version":[{"id":15661,"href":"http:\/\/www.cmes.cz\/web\/wp-json\/wp\/v2\/pages\/4404\/revisions\/15661"}],"wp:attachment":[{"href":"http:\/\/www.cmes.cz\/web\/wp-json\/wp\/v2\/media?parent=4404"}],"curies":[{"name":"wp","href":"https:\/\/api.w.org\/{rel}","templated":true}]}}